Let w(m) = 8*m**2 - 2*m - 19. What is the tens digit of w(7)?
5
Let w = -98 - -104. What is the units digit of -19*w*5/(-2)?
5
Let h(j) = -3*j + 6. Let z be h(5). Let t = z - 7. Let a = t + 32. What is the tens digit of a?
1
Let u = 46 - 50. What is the units digit of (-153)/(12/u - -2)?
3
Let t(q) = -21*q + 3020. What is the units digit of t(0)?
0
Let g = -40 - -86. Let a = -43 + g. What is the units digit of a?
3
Suppose -9*d + 5*d = -168. Let z = 120 - d. What is the tens digit of z?
7
Let u be 2*(-2 + 5 + -2). Suppose 0 = 3*q + u*q - 10. Suppose -3*i + 8 = p - 16, -3*p + q*i + 61 = 0. What is the units digit of p?
1
Let j(p) = 7*p**3 + 14*p**2 + 2*p + 25. Let v(i) = 10*i**3 + 21*i**2 + 3*i + 37. Let d(b) = -7*j(b) + 5*v(b). What is the units digit of d(-6)?
0
Suppose -2*j - 2*b + 304 = 0, 10*b - 5*b = j - 140. What is the units digit of j?
0
Let p(y) = 36*y**2 - 5*y + 26. What is the tens digit of p(5)?
0
Suppose -9*q + 29580 - 10410 = 0. What is the hundreds digit of q?
1
Suppose 0 = 3*g + 3*b + 2 - 5, 5*b = -4*g. Let v(p) = 9*p - g - 5 + 3. What is the tens digit of v(3)?
2
Let w = 24 + -17. Let h(z) = 4*z + 15 - w + 20 - 5*z. What is the units digit of h(0)?
8
Let r(w) = 2*w + 12. Let z be r(-15). Let a = z + 20. Let o = 21 + a. What is the units digit of o?
3
Let s be ((-8)/12)/(4/(-444)). Let z = 279 - s. What is the hundreds digit of z?
2
Suppose -2*p = -25 + 13. Suppose -p*a + 1064 = 8*a. What is the tens digit of a?
7
Let i(f) = -8*f + 6. Let s be i(8). Let q = 18 + s. Let d = q + 56. What is the units digit of d?
6
Suppose v = -5, -2*v - 18 = -6*m + 5*m. What is the tens digit of -2 + 51 + (-16)/(m/(-2))?
5
Suppose 17*v + 3891 - 26535 = 0. What is the thousands digit of v?
1
Suppose k = -12*k + 14820. What is the units digit of k?
0
Let y(i) = 10*i**2 - 2*i + 1. Let n be y(3). Let p = 184 - n. Let x = p - 56. What is the units digit of x?
3
Let s(o) = -127*o**3 - o**2 + 2*o + 2. Let x be s(-2). Suppose 1050 = 10*p - x. What is the units digit of p?
6
Suppose 0 = -2*v - 118 + 560. Suppose 3*q + 493 = 5*z, 4*z + 5*q - v - 203 = 0. What is the units digit of z?
1
Suppose 90531 = -14*l + 77*l. What is the tens digit of l?
3
Let n(b) = -b**3 + 1 - 16*b + 0 + 1 + 1 - 17*b**2. Let h be n(-16). Suppose 3*c - 3 - h = 0. What is the units digit of c?
2
What is the hundreds digit of ((-16)/(-64))/(2/2168)?
2
Let z = 23 + -11. Let t be ((-2)/(-6))/(3/54). What is the units digit of z - t/(1 - 3)?
5
Suppose -5*m - 22 = -5*y + 3, 4*y - 17 = 3*m. Suppose -2*d + y*l = 3*d - 279, 0 = -2*d + 3*l + 116. What is the tens digit of d?
5
Let k be 232/28 + (-2)/7. Let s be 4*10/k - 2. Let d = s - -16. What is the tens digit of d?
1
Let c(a) = 16*a - 3. Let o be c(-6). Let k = -41 - o. What is the units digit of k?
8
Let o(f) = 99*f - 6. Let p = 9 - 7. Let b be o(p). Suppose -5*w = 5*j - 230, 5*w - 2*j - b = 31. What is the tens digit of w?
4
Suppose 4*d + 0*d = 1256. What is the units digit of d?
4
Let x = 7 - 2. Suppose -6 - 4 = -x*n. Suppose -w - 1 = -n*w. What is the units digit of w?
1
Suppose -4*l = -l - 6, -a + 31 = 2*l. Suppose 10*o - a = 7*o. What is the units digit of o?
9
Let n(d) be the third derivative of -1/24*d**4 - 1/2*d**3 + 0*d + 1/60*d**5 + 0 - 4*d**2. What is the units digit of n(6)?
7
Let u(s) be the third derivative of -s**5/60 - 3*s**4/8 + 4*s**3/3 + 2*s**2. Let m be 8/(-1) + 9/(-63)*-7. What is the units digit of u(m)?
2
Let h(v) = 2*v - 31*v**3 + 59*v**3 - 29*v**3 - 5*v**2. What is the units digit of h(-6)?
4
Suppose 3*f + 1120 = a, 2*a - 3*a - 3*f + 1144 = 0. What is the hundreds digit of a?
1
Suppose 4*v = 3*b + 704, -v - 2*b = -293 + 106. What is the tens digit of v?
7
Let n = -912 - -3095. What is the hundreds digit of n?
1
Let l = -64 - -86. Suppose 1105 = -17*w + l*w. What is the hundreds digit of w?
2
Suppose -2*t - 3 = -3*t. Suppose t*f - 26 = 19. Let s = 24 - f. What is the units digit of s?
9
Let f(q) = -3*q + 1. Let w be f(-2). Let b = w - 82. Let y = -54 - b. What is the units digit of y?
1
Let q = 1 - 1. Suppose 13*j + j = 70. Suppose -j*o + q*o = -70. What is the tens digit of o?
1
Let p(u) = -12*u + 1. Let x be p(4). Let h(r) = -4*r**2 - 12*r + 5. Let v be h(3). Let d = x - v. What is the units digit of d?
0
Suppose 5*h = c - 34, 0 = -4*h + 4*c - 1 - 39. Let u be h*(4/(-6) + -1). What is the units digit of 2/u - 790/(-50)?
6
What is the hundreds digit of 1375/2 + 10/20?
6
Let n be (-6)/(-2) - 24/8. Suppose -5 = -o, n = -3*q - q - 2*o + 290. What is the units digit of q?
0
Suppose 4*o - 311 = 369. Let g = o + 69. What is the units digit of g?
9
Let s = 343 + 806. What is the hundreds digit of s?
1
Suppose w + 2*w = 12. Let y(f) = -5*f + 8. Let p be y(w). What is the units digit of ((-11)/2)/(2/p)?
3
Let i(h) = 12*h**2 - 27. What is the units digit of i(-11)?
5
Let f(h) = h**2 + 11*h - 9. What is the tens digit of f(-14)?
3
Let b(d) be the second derivative of -d**4/12 - 5*d**3/6 - 2*d**2 + 9*d. Let s be b(-4). Suppose -3 = p, 2*m + 0*p - 5*p - 87 = s. What is the tens digit of m?
3
Let m = 49 + -46. Suppose -309 = -m*q - 96. What is the units digit of q?
1
Let i = -48 - 2. What is the tens digit of 183/5 + (-20)/i?
3
Suppose 3*q + 4 = 5*l + 17, 71 = 5*q + 4*l. Let u = -9 + -1. Let r = u + q. What is the units digit of r?
1
Suppose -3*s + 906 = 3*l, 4*s + 11*l = 8*l + 1210. What is the hundreds digit of s?
3
Let i be 18/(1 - -1)*-3. Let r = 54 + i. Suppose 0 = 3*q - r - 12. What is the units digit of q?
3
Let n(i) = -38*i**3 + i**2 - 3*i - 10. What is the units digit of n(-4)?
0
Let h = 4 + -2. Suppose -q = 4*c - 9, -c + h*q + 3 = -6. Suppose -4*m + j + 33 = 0, -3*m = 2*j - c - 8. What is the units digit of m?
7
Let z = -821 - -1170. What is the hundreds digit of z?
3
Let q(o) be the second derivative of o**4/3 + o**3/2 - 7*o**2 + 10*o. What is the units digit of q(-6)?
2
Let r(w) = w**2 + 11*w - 52. Let l = -94 + 79. What is the units digit of r(l)?
8
Let w(f) = -2*f**2 + 6*f + 19. Let p(n) = -2*n**2 + 7*n + 19. Let a(q) = -3*p(q) + 2*w(q). Let z be a(9). Let c = 138 - z. What is the tens digit of c?
7
Suppose -4*p - 12 = 0, -4*o + 2*p - 17 = 5*p. Let a be 0/(-4 - -3) - o. Suppose 5*g + 2*l = -a*l + 21, -4*l + 17 = g. What is the units digit of g?
1
Let a = -100 - 45. What is the tens digit of 4/((-20)/a) - 5?
2
Let r(y) = -y**2 + 6*y + 8. Let l be r(7). Let f = -18 + 50. Let z = f + l. What is the tens digit of z?
3
Let h = -5749 + 8539. What is the units digit of h?
0
Let x(c) = 2*c - 2. Let a be x(6). Let y = 11 - a. What is the units digit of (y + -2)/(-1)*2?
2
Suppose 5*n - 430 = l, 6*n = 2*n + 5*l + 365. What is the tens digit of n?
8
Suppose -4*h = 4*p + 4, -3*p + 5*h + 13 = -8. Suppose 5 = -l, -2*l - 32 - 36 = -p*k. What is the units digit of k?
9
Suppose 0 = 2*p - 1448 + 44. Suppose 0 = 10*o - 7*o - p. What is the units digit of o?
4
Let h(v) = -v**3 - 40*v**2 - 59*v - 7. What is the tens digit of h(-39)?
7
Suppose -2 = -x + 3. Suppose 0 = -x*h + 76 + 64. What is the units digit of h?
8
What is the hundreds digit of ((-794)/5)/(4/(-10))?
3
Suppose -131*s = -129*s - 792. What is the units digit of s?
6
Let l = 45 + -62. Let p(n) = -4*n + 37. What is the tens digit of p(l)?
0
Let s = 242 + -241. Let i(j) be the first derivative of 7*j**3/3 + j**2/2 - 1. What is the units digit of i(s)?
8
Let n = 12 - -468. What is the hundreds digit of n?
4
Suppose 75 = -0*k + 5*k. Suppose -4*s + k = -4*x - 5, -3*s = -x - 5. Suppose i + s*i - 31 = 0. What is the tens digit of i?
3
Let i(z) = z**2 - 6*z - 6. Let m be i(6). Let s = 8 + m. What is the units digit of s?
2
Let o = -262 + -101. Let d = o - -633. Suppose 0 = -3*q - 2*q + d. What is the units digit of q?
4
Let a(h) = -18*h - 140. What is the units digit of a(-18)?
4
Suppose 3*r - 3*l = 7 + 89, r + 2*l - 29 = 0. Let y = r - 28. Suppose -2*o = -6*t + 3*t - 86, -257 = -5*o - y*t. What is the tens digit of o?
4
Let j = 13 - 9. Let h be 14/28 - (-38)/j. Let q(u) = u**2 - 8*u - 4. What is the units digit of q(h)?
6
Let n be 15/(-10)*-106 - -4. Let f = n - 67. What is the units digit of f?
6
Let r(s) = -s**2 - 2. Let y be r(-3). Let o(t) = 8*t**2 - 33*t. Let x be o(4). Let k = x - y. What is the units digit of k?
7
Let t(u) = 13*u - 9. Let w be t(6). Suppose -68*z + w*z